 prime factors of c(t)?
2
Let q(h) = 9*h**2 - 15*h + 11. Let o(t) = 4*t**2 - 7*t + 5. Let b = 13 - 26. Let l(c) = b*o(c) + 6*q(c). What are the prime factors of l(-1)?
2
Let b(l) = -l + 4. Let i be b(2). Suppose i*j = -2*j + 48. What are the prime factors of j?
2, 3
Let a = 390 + -90. What are the prime factors of a?
2, 3, 5
Suppose -8 = -2*l - 2*l. Suppose v + 4*t = -5, 0 = 3*v - 3*t + l*t + 54. Let j = -8 - v. What are the prime factors of j?
3
Suppose -6 + 116 = 5*w. What are the prime factors of 356/w - (-2)/(-11)?
2
Let l(g) be the second derivative of g**5/10 - g**4/12 - g**3/6 - g**2 - g. Let j be l(2). Let o = -5 + j. What are the prime factors of o?
3
Let s be (-4)/(-18) + (-4)/18. Let v = 16 - 17. List the prime factors of 0 - (s + -1 + v).
2
Let s(b) be the first derivative of -b**4/4 + b**3 + 7*b**2/2 - 6*b - 3. Suppose -2*u - u = -12. List the prime factors of s(u).
2, 3
Suppose m = -3*z + 15, -10 = -2*z + 2*m - m. Suppose -68 = -z*q - 3. List the prime factors of q.
13
Let o be ((-4)/6)/(2/(-489)). Suppose -5*m + o = -4*t, -2*m + 3*t + 4 + 64 = 0. Let w = -17 + m. What are the prime factors of w?
2, 7
Let n be (-35)/(-11) + (-6)/33. Let h = 7 - n. List the prime factors of h.
2
Let f = -9 - -13. Suppose p + 153 = 3*u + f*p, -2*p + 196 = 4*u. What are the prime factors of u?
47
Let l = 33 + -11. What are the prime factors of l?
2, 11
Suppose n = -1 - 2. Let k(t) = t**3 + 4*t**2 + t - 3. Let d be k(n). Suppose 3*r - 3*u = 27, 2*u + u = -d*r + 15. List the prime factors of r.
7
Let k = 224 - 69. List the prime factors of k.
5, 31
What are the prime factors of ((-89)/5)/(9/(-90))?
2, 89
Let h(c) = -c + 1. Let y be h(7). Let v = y + 28. List the prime factors of v.
2, 11
Let j = 48 - 25. List the prime factors of j.
23
Let w(r) = -r**3 - 6*r**2 + r + 6. Let j be w(-6). Let z = 32 + j. Suppose 2*y + 2*n - 24 = -0*y, -z = -3*y - 2*n. List the prime factors of y.
2
Suppose -4*l - 4 = 0, o + 4*o - 5*l = 35. Let z(n) = n**3 - 4*n**2 - 9*n + 5. List the prime factors of z(o).
23
Suppose -k + 9 = 2*k. List the prime factors of k + 0 + -3 - -6.
2, 3
Suppose 0 = -4*v + 43 - 7. List the prime factors of v.
3
Let q be (12/15)/(2/5). Suppose -3*m = 5*g - 17 - 8, q*m + 25 = 5*g. Suppose 5*h - 3*f - 39 = m, 2*f = -2*h - 2*f. What are the prime factors of h?
2, 3
Suppose -21 = -4*f + 55. Suppose f = h + 2*x, 0 = -x + 2. List the prime factors of h.
3, 5
Let t(u) = -u**3 - 4*u**2 + 8*u - 4. Let c be t(-6). Suppose -a + c = a. List the prime factors of a.
2, 5
Suppose -2*n + 64 = -n. List the prime factors of n.
2
Let o = 7 - 5. Suppose -y - 54 = -o*t, 5*t - 96 = t - 4*y. Suppose -5*x + 3*x = -t. List the prime factors of x.
13
Suppose -4*z + 0*z + 108 = 0. Let k = z - 18. What are the prime factors of k?
3
Suppose 2*z - 3*w + w - 26 = 0, 4*w + 20 = 0. Let l(r) = -z + 4*r**2 + 5*r - 4*r**2 + r**2. What are the prime factors of l(-7)?
2, 3
Let h be (0 + -2)*-1*2. Suppose -h*b + 14 = -14. Let w = -1 + b. What are the prime factors of w?
2, 3
Let y be (-2)/(0 + (-4)/54). Let a(i) = i**3 - 13*i**2 + 4. Let k be a(13). Suppose 2*c + k*g = -6, 3*g + y = 4*c + 6. What are the prime factors of c?
3
Let g(l) = l + 8. Let t be g(-6). Let b(r) be the third derivative of r**5/30 + r**4/24 - r**3/3 - r**2. List the prime factors of b(t).
2
Let n be (3 - 77/(-5))*5. Suppose h = -3*h + n. Suppose -3*k + h - 8 = 0. List the prime factors of k.
5
Let j = -3 - 9. Let c = -1 - j. What are the prime factors of c?
11
Let q(z) = -z - 1. Let u be q(-3). Suppose -u*w - 95 = -7*w. List the prime factors of w.
19
Suppose -4 = -2*d, -3*u - 4*d = -u - 24. Let r be ((-4)/u)/((-2)/12). Suppose 6 = -0*s + r*s. List the prime factors of s.
2
Suppose 6*i + 49 - 211 = 0. List the prime factors of i.
3
Let c(t) = 2*t**2 - 4*t + 2. Let q be -1*(-1 + 0 + -2). List the prime factors of c(q).
2
Suppose -146 = 2*d + 2*x, -x = -d - 7 - 60. What are the prime factors of 3/6 + d/(-4)?
2, 3
Suppose 5*k - 6 = 64. Suppose -k - 6 = 4*g. Let w = -1 - g. List the prime factors of w.
2
Suppose -5*q + 2*z - 38 + 4 = 0, 4*z + 36 = -3*q. Let y = q - -148. What are the prime factors of y/18 - 4/(-18)?
2
Let x be (3 - 0)/(12/44). Let a = x - -3. List the prime factors of a.
2, 7
Let i(a) be the first derivative of a**3/3 - 7*a + 1. What are the prime factors of i(-6)?
29
Let p(g) = g**2 + 7*g - 3. Let x(z) = -11*z + 4. Let h be x(-3). Suppose -n - 2*o + 30 = -4*n, 0 = 5*n + o + h. List the prime factors of p(n).
5
Suppose -4*a = -2*t - 700, -3*a + 4*t = -0*t - 520. What are the prime factors of a?
2, 11
Suppose 5*j = 15, r + 83 = 2*j + 3*j. Let u = 121 + r. What are the prime factors of u?
53
Let j = -53 + 92. List the prime factors of j.
3, 13
Suppose 49*z + 606 = 51*z. What are the prime factors of z?
3, 101
Suppose 3*d + 2*m - 8 = 0, 5*d + 2*m - 3*m = 22. Suppose 31 = 5*y - a, -3 = -a - d. List the prime factors of y.
2, 3
Let j(h) = -2 - 5*h + 19*h**2 + 3 + 1. Let d be j(3). List the prime factors of d/18 + 4/18.
3
Let n(a) = 4*a**2 - 3*a - 2. Let v be n(-2). Suppose 0 = k - 5*k + v. Suppose -l = -k*w + l + 44, 3*l = -5*w + 34. List the prime factors of w.
2
Suppose -112 = -7*h + 3*h. List the prime factors of h.
2, 7
Let r(q) = -2*q**2 - 6 + 2*q + 3*q**2 - 3*q**2 + 3*q**2. Let c be r(-5). What are the prime factors of 6/(-27) + 119/c?
13
Let y = 75 + -1. What are the prime factors of y?
2, 37
Let t = 13 + -11. Suppose -g + 5*g - t*m - 102 = 0, 2*g + 2*m = 42. List the prime factors of g.
2, 3
Suppose -4*t + 56 = -0*t. Suppose 2*x - t = -3*y, -3*y + 0*x = -x - 11. Suppose -5*c - v + 118 = 0, 4*c + 0*v = -y*v + 104. What are the prime factors of c?
23
Let o be -2*5*(-2)/4. Let a(m) = m**2 - 2*m + 1 - 4*m + 2*m. List the prime factors of a(o).
2, 3
Let v be 7/((-3 - 0)/3). List the prime factors of ((-7)/2)/(v/14).
7
Let s(n) be the first derivative of 2*n**2 - 7*n + 9. Suppose 5*g = 25 + 5. List the prime factors of s(g).
17
Let h(y) = -3*y**3 - y - 40. Let g(a) = 10*a**3 + 3*a + 119. Let x(o) = -2*g(o) - 7*h(o). Let q be x(0). What are the prime factors of (-108)/(-14) - (-12)/q?
2
Let t(f) be the first derivative of -f**4/4 - 11*f**3/3 - 5*f**2 + 12*f - 5. What are the prime factors of t(-10)?
2, 3
Let i(p) = -2*p**2 + 9*p - 7. Let h be i(6). Let c = 49 + h. What are the prime factors of c?
2, 3
Suppose -z + 8 + 86 = 0. Suppose -3*u = -z + 25. List the prime factors of u.
23
Let i be -1*(9/3 + -3). Suppose 0*o - o + 5 = i. List the prime factors of 3/(-6) - o/(-2).
2
Let y(n) be the second derivative of -1/20*n**5 + 3*n - 1/3*n**4 + 3/2*n**2 + 0 + 0*n**3. List the prime factors of y(-4).
3
Suppose -8*z = -0*z - 280. List the prime factors of z.
5, 7
Let x = -20 - -11. Let d be 4/(-18) + 70/x. Let m = -5 - d. What are the prime factors of m?
3
Let b be 2 + 1*-2 - -1. Let g = b - -4. Suppose g + 3 = 4*y. List the prime factors of y.
2
Suppose 3 = 5*y - 17, -l + 43 = y. List the prime factors of l.
3, 13
What are the prime factors of 2*(420/8)/5?
3, 7
Let u(h) be the third derivative of h**6/120 + h**5/10 + 7*h**4/24 + 7*h**3/6 - 3*h**2. Let m be u(-5). What are the prime factors of 1/m + 52/12?
2
Let g be ((-2)/(-8))/((-5)/(-20)). Let a(m) = 10*m**2 + m. What are the prime factors of a(g)?
11
Suppose 3*u + 1170 = 12*u. What are the prime factors of u?
2, 5, 13
Suppose 5*o = 3*o - 18. Let r(a) = 20*a**2 + 4*a - 50. Let j(d) = 7*d**2 + d - 17. Let g(n) = -17*j(n) + 6*r(n). List the prime factors of g(o).
7
Suppose -3*l = -0*l + 39. Let u = 20 + l. What are the prime factors of u?
7
Let l = 19 + -5. Let u be (-7)/l*(-100)/2. Let s = u - 11. What are the prime factors of s?
2, 7
Let z = 0 + -1. Let w = 5 - 6. List the prime factors of (w/z)/((-1)/(-3)).
3
Let x be (2 + 4)*(16 + 0). Suppose 2*z - 144 = -5*p - 17, x = 4*p - 4*z. Suppose -3*c = -8*c + p. List the prime factors of c.
5
Let l(u) = 25*u**3 - 2*u**2 + u - 4. What are the prime factors of l(2)?
2, 5, 19
Suppose -12*r = -14*r + 416. List the prime factors of r.
2, 13
Let d(c) = c**3 - 5*c**2 + 2*c - 6. Let r be d(5). Let u be 197/(-2) + (-2)/4. What are the prime factors of (-1)/r - u/12?
2
Suppose 2*b = -3*k - 9, 3*b + 15 = b + 3*k. What are the prime factors of -2 - -16 - b/2?
17
Suppose 0 = -5*u - 20, -r + 10 = -u - u. Suppose -r*p + 65 = -